 45178?
7
What is the units digit of 214?
4
What is the units digit of 702?
2
What is the ten thousands digit of 67434?
6
What is the units digit of 565?
5
What is the thousands digit of 4321?
4
What is the hundreds digit of 2107?
1
What is the hundreds digit of 28091?
0
What is the hundreds digit of 603?
6
What is the ten thousands digit of 23340?
2
What is the ten thousands digit of 23919?
2
What is the units digit of 9422?
2
What is the tens digit of 102?
0
What is the tens digit of 70?
7
What is the thousands digit of 21068?
1
What is the units digit of 206884?
4
What is the hundreds digit of 7144?
1
What is the hundreds digit of 7440?
4
What is the thousands digit of 3308?
3
What is the units digit of 8235?
5
What is the thousands digit of 24275?
4
What is the thousands digit of 1325?
1
What is the tens digit of 29753?
5
What is the hundreds digit of 43002?
0
What is the ten thousands digit of 126913?
2
What is the tens digit of 14487?
8
What is the ten thousands digit of 52911?
5
What is the tens digit of 3307?
0
What is the thousands digit of 7682?
7
What is the ten thousands digit of 22971?
2
What is the tens digit of 272?
7
What is the hundreds digit of 5427?
4
What is the tens digit of 1270?
7
What is the hundreds digit of 78525?
5
What is the tens digit of 597?
9
What is the thousands digit of 4736?
4
What is the hundreds digit of 712?
7
What is the units digit of 6525?
5
What is the hundreds digit of 10952?
9
What is the thousands digit of 1982?
1
What is the hundreds digit of 883?
8
What is the tens digit of 5193?
9
What is the tens digit of 1873?
7
What is the hundreds digit of 6861?
8
What is the thousands digit of 1594?
1
What is the units digit of 845?
5
What is the hundreds digit of 23619?
6
What is the tens digit of 39825?
2
What is the hundreds digit of 369?
3
What is the thousands digit of 55638?
5
What is the units digit of 30934?
4
What is the units digit of 1109?
9
What is the units digit of 92?
2
What is the ten thousands digit of 35975?
3
What is the units digit of 12010?
0
What is the tens digit of 22708?
0
What is the units digit of 92?
2
What is the tens digit of 17392?
9
What is the hundreds digit of 308?
3
What is the thousands digit of 4075?
4
What is the hundreds digit of 8165?
1
What is the hundreds digit of 835?
8
What is the thousands digit of 2137?
2
What is the tens digit of 5435?
3
What is the hundreds digit of 12977?
9
What is the units digit of 19041?
1
What is the units digit of 2499?
9
What is the tens digit of 3630?
3
What is the units digit of 1676?
6
What is the tens digit of 916?
1
What is the hundreds digit of 790?
7
What is the ten thousands digit of 159935?
5
What is the ten thousands digit of 71448?
7
What is the tens digit of 6851?
5
What is the ten thousands digit of 72516?
7
What is the thousands digit of 65564?
5
What is the tens digit of 6857?
5
What is the hundreds digit of 15294?
2
What is the units digit of 112163?
3
What is the units digit of 9628?
8
What is the thousands digit of 9554?
9
What is the units digit of 33359?
9
What is the hundreds digit of 352?
3
What is the thousands digit of 4645?
4
What is the tens digit of 60?
6
What is the tens digit of 4666?
6
What is the units digit of 4763?
3
What is the thousands digit of 7048?
7
What is the tens digit of 187?
8
What is the thousands digit of 2195?
2
What is the units digit of 2480?
0
What is the hundred thousands digit of 124076?
1
What is the hundreds digit of 7036?
0
What is the units digit of 175?
5
What is the units digit of 60370?
0
What is the units digit of 2725?
5
What is the tens digit of 30531?
3
What is the hundreds digit of 471?
4
What is the thousands digit of 1954?
1
What is the thousands digit of 10393?
0
What is the units digit of 582?
2
What is the tens digit of 1414?
1
What is the ten thousands digit of 16949?
1
What is the units digit of 85570?
0
What is the ten thousands digit of 25904?
2
What is the thousands digit of 3425?
3
What is the units digit of 57135?
5
What is the tens digit of 34?
3
What is the ten thousands digit of 99834?
9
What is the hundreds digit of 2446?
4
What is the hundreds digit of 20814?
8
What is the ten thousands digit of 46525?
4
What is the units digit of 67?
7
What is the thousands digit of 13434?
3
What is the units digit of 28679?
9
What is the hundreds digit of 720?
7
What is the units digit of 5798?
8
What is the hundreds digit of 91439?
4
What is the hundreds digit of 8934?
9
What is the thousands digit of 3357?
3
What is the thousands digit of 15965?
5
What is the thousands digit of 4279?
4
What is the units digit of 1933?
3
What is the thousands digit of 84619?
4
What is the tens digit of 21580?
8
What is the thousands digit of 7194?
7
What is the units digit of 32437?
7
What is the hundreds digit of 11380?
3
What is the tens digit of 3387?
8
What is the tens digit of 4639?
3
What is the units digit of 5923?
3
What is the units digit of 1858?
8
What is the units digit of 24606?
6
What is the units digit of 5998?
8
What is the tens digit of 1186?
8
What is the units digit of 1591?
1
What is the tens digit of 2297?
9
What is the tens digit of 18010?
1
What is the ten thousands digit of 56157?
5
What is the hundreds digit of 26195?
1
What is the tens digit of 292?
9
What is the units digit of 11659?
9
What is the units digit of 65721?
1
What is the units digit of 74998?
8
What is the thousands digit of 8756?
8
What is the thousands digit of 87572?
7
What is the hundreds digit of 4572?
5
What is the units digit of 612?
2
What is the hundreds digit of 1119?
1
What is the units digit of 80393?
3
What is the hundreds digit of 16632?
6
What is the units digit of 38?
8
What is the hundreds digit of 979?
9
What is the tens digit of 90143?
4
What is the tens digit of 29?
2
What is the ten thousands digit of 30823?
3
What is the hundreds digit of 8494?
4
What is the thousands digit of 4083?
4
What is the thousands digit of 1405?
1
What is the hundreds digit of 3425?
4
What is the hundreds digit of 56375?
3
What is the hundreds digit of 15741?
7
What is the units digit of 6?
6
What is the ten thousands digit of 17313?
1
What is the hundreds digit of 2416?
4
What is the units digit of 615?
5
What is the thousands digit of 61684?
1
What is the units digit of 2772?
2
What is the hundreds digit of 4792?
7
What is the thousands digit of 2533?
2
What is the units digit of 33245?
5
What is the ten thousands digit of 10227?
1
What is the hundreds digit of 1033?
0
What is the units digit of 14333?
3
What is the tens digit of 16971?
7
What is the thousands digit of 6482?
6
What is the tens digit of 2583?
8
What is the units digit of 20612?
2
What is the units digit of 4749?
9
What is the tens digit of 1384?
8
What is the thousands digit of 2854?
2
What is the tens digit of 7752?
5
What is the tens digit of 19236?
3
What is the ten thousands digit of 32913?
3
What is the units digit of 39442?
2
What is the thousands digit of 1013?
1
What is the tens digit of 14706?
0
What is the tens digit of 912?
1
What is the hundreds digit of 147?
1
What is the hundreds digit of 1671?
6
What is the hundreds digit of 14549?
5
What is the units digit of 772?
2
What is the units digit of 698?
8
What is the tens digit of 746?
4
What is the tens digit of 2601?
0
What is the thousands digit of 11365?
1
What is the units digit of 394?
4
What is the hundreds digit of 1424?
4
What is the thousands digit of 1226?
1
What is the thousands digit of 50939?
0
What is the units digit of 34702?
2
What is the hundreds digit of 8831?
8
What is the tens digit of 69?
6
What is the tens digit of 88091?
9
What is the units digit of 1719?
9
What is the hundreds digit of 933?
9
What is the tens digit of 1122?
2
What is the units digit of 1154?
4
What is the tens digit of 28300?
0
What is the units digit of 18?
8
What is the units digit of 176041?
1
What is the units digit of 350?
0
What is the ten thousands digit of 21911?
2
What is the units digit of 271?
1
What is the ten thousands digit of 33544?
3
What is the ten thousands digit of 65713?
6
What is the thousands digit of 11972?
1
What is the tens digit of 7324?
2
What is the thousands digit of 24107?
4
What is the thousands digit of 9126?
9
What is the hundreds digit of 10110?